
What is the greatest common divisor of 203 and 21?
7
What is the highest common factor of 185 and 55870?
185
Calculate the greatest common factor of 22 and 129.
1
What is the highest common divisor of 252 and 132?
12
Calculate the greatest common factor of 6549 and 177.
177
Calculate the greatest common divisor of 304 and 95.
19
Calculate the greatest common divisor of 160 and 1060.
20
Calculate the highest common factor of 169 and 7943.
169
Calculate the greatest common divisor of 640 and 5920.
160
What is the highest common factor of 19 and 361?
19
Calculate the highest common divisor of 161 and 77.
7
Calculate the greatest common divisor of 9 and 99.
9
Calculate the highest common factor of 35 and 875.
35
Calculate the highest common factor of 1 and 568.
1
Calculate the greatest common factor of 54 and 81.
27
What is the highest common divisor of 5559 and 102?
51
Calculate the highest common divisor of 987 and 399.
21
What is the highest common divisor of 10738 and 182?
182
Calculate the greatest common divisor of 3743 and 38.
19
What is the highest common divisor of 56 and 184?
8
Calculate the greatest common factor of 18 and 648.
18
What is the greatest common factor of 5643 and 228?
57
What is the highest common factor of 30 and 405?
15
Calculate the greatest common divisor of 312 and 24.
24
What is the highest common factor of 39 and 1599?
39
Calculate the highest common factor of 335 and 20.
5
What is the greatest common divisor of 4255 and 115?
115
What is the highest common factor of 143 and 22?
11
Calculate the greatest common factor of 5 and 325.
5
Calculate the highest common factor of 6298 and 938.
134
Calculate the highest common factor of 18 and 28.
2
Calculate the greatest common divisor of 15369 and 423.
141
Calculate the greatest common factor of 61 and 976.
61
Calculate the highest common divisor of 87 and 3741.
87
What is the greatest common divisor of 627 and 22?
11
Calculate the highest common divisor of 1 and 547.
1
Calculate the highest common divisor of 639 and 284.
71
What is the highest common factor of 70 and 42?
14
What is the highest common divisor of 2289 and 147?
21
What is the highest common divisor of 2098 and 2?
2
Calculate the highest common divisor of 4005 and 90.
45
Calculate the greatest common divisor of 657 and 365.
73
What is the highest common factor of 55 and 99?
11
Calculate the highest common factor of 46 and 50.
2
Calculate the greatest common divisor of 148 and 37.
37
What is the greatest common factor of 49 and 14?
7
Calculate the greatest common divisor of 200 and 125.
25
Calculate the highest common factor of 40 and 760.
40
What is the greatest common factor of 636 and 3021?
159
What is the greatest common factor of 40774 and 29?
29
Calculate the highest common factor of 48 and 102.
6
Calculate the highest common factor of 4308 and 60.
12
Calculate the greatest common divisor of 69 and 575.
23
Calculate the greatest common factor of 350 and 150.
50
Calculate the greatest common divisor of 69 and 1357.
23
What is the greatest common divisor of 2349 and 9?
9
Calculate the highest common divisor of 1183 and 507.
169
What is the greatest common divisor of 325 and 923?
13
Calculate the greatest common factor of 145 and 609.
29
What is the greatest common divisor of 6681 and 51?
51
What is the highest common factor of 272 and 935?
17
What is the highest common factor of 35 and 28?
7
What is the highest common divisor of 246 and 410?
82
Calculate the highest common divisor of 78 and 754.
26
What is the greatest common divisor of 120 and 60?
60
Calculate the greatest common factor of 112 and 79408.
112
What is the greatest common factor of 2880 and 200?
40
Calculate the highest common factor of 21402 and 1107.
369
Calculate the greatest common factor of 108 and 594.
54
What is the highest common divisor of 1380 and 435?
15
What is the highest common factor of 134 and 134?
134
What is the highest common factor of 1240 and 93?
31
Calculate the greatest common factor of 180 and 24.
12
Calculate the greatest common factor of 2388 and 12.
12
What is the greatest common divisor of 228 and 190?
38
What is the highest common divisor of 63 and 189?
63
What is the highest common divisor of 210 and 720?
30
Calculate the highest common divisor of 2090 and 76.
38
What is the highest common factor of 2831 and 19?
19
Calculate the greatest common factor of 576 and 18.
18
What is the greatest common factor of 1010 and 10?
10
Calculate the highest common divisor of 20 and 630.
10
Calculate the greatest common factor of 570 and 152.
38
Calculate the highest common factor of 37930 and 5.
5
Calculate the greatest common factor of 150 and 1410.
30
Calculate the greatest common divisor of 60 and 140.
20
Calculate the greatest common divisor of 4750 and 125.
125
What is the highest common divisor of 227 and 31099?
227
What is the greatest common factor of 72 and 584?
8
What is the highest common divisor of 2632 and 1?
1
What is the highest common factor of 16 and 424?
8
Calculate the greatest common divisor of 702 and 1998.
54
Calculate the highest common factor of 72 and 270.
18
Calculate the greatest common divisor of 28 and 448.
28
What is the greatest common factor of 1196 and 552?
92
What is the greatest common divisor of 272 and 48?
16
What is the highest common factor of 117 and 3627?
117
Calculate the greatest common divisor of 19505 and 235.
235
What is the greatest common divisor of 4 and 1244?
4
What is the highest common factor of 8555 and 354?
59
What is the highest common divisor of 10 and 305?
5
What is the greatest common factor of 891 and 6?
3
Calculate the highest common factor of 100 and 44450.
50
Calculate the highest common factor of 198 and 1342.
22
What is the highest common divisor of 210 and 21?
21
Calculate the highest common factor of 50 and 20.
10
What is the greatest common divisor of 6164 and 23?
23
Calculate the highest common divisor of 13 and 767.
13
Calculate the highest common divisor of 290 and 1102.
58
What is the highest common factor of 7 and 114?
1
What is the highest common factor of 2323 and 202?
101
Calculate the greatest common divisor of 5185 and 5.
5
What is the highest common factor of 77540 and 20?
20
Calculate the highest common factor of 23 and 276.
23
What is the greatest common divisor of 462 and 42?
42
Calculate the highest common factor of 3324 and 84.
12
Calculate the highest common divisor of 896 and 84.
28
Calculate the greatest common factor of 36 and 84.
12
Calculate the highest common factor of 32 and 136.
8
Calculate the highest common factor of 51 and 1581.
51
Calculate the highest common factor of 1845 and 90.
45
Calculate the greatest common factor of 84 and 868.
28
What is the highest common factor of 23 and 161?
23
What is the greatest common factor of 56 and 8?
8
Calculate the greatest common factor of 2 and 62.
2
What is the highest common divisor of 216 and 30024?
216
Calculate the highest common divisor of 826 and 42.
14
What is the greatest common divisor of 294 and 1323?
147
Calculate the highest common factor of 189 and 84.
21
Calculate the greatest common factor of 5480 and 40.
40
Calculate the greatest common factor of 825 and 264.
33
What is the greatest common factor of 899 and 1302?
31
What is the greatest common factor of 78 and 104?
26
What is the highest common factor of 26 and 637?
13
What is the highest common factor of 667 and 437?
23
Calculate the greatest common factor of 399 and 703.
19
What is the greatest common factor of 11 and 41?
1
What is the greatest common divisor of 27 and 3033?
9
Calculate the highest common factor of 44 and 407.
11
Calculate the greatest common divisor of 23 and 1403.
23
Calculate the greatest common divisor of 399 and 504.
21
Calculate the highest common factor of 203 and 1972.
29
What is the highest common factor of 59 and 1003?
59
What is the greatest common factor of 180 and 1476?
36
What is the greatest common factor of 32 and 56?
8
Calculate the highest common factor of 104 and 676.
52
What is the highest common factor of 1075 and 3440?
215
What is the greatest common factor of 72 and 200?
8
Calculate the greatest common factor of 2 and 2111.
1
What is the greatest common factor of 21504 and 168?
1